 is the units digit of 128?
8
What is the ten thousands digit of 40684?
4
What is the hundreds digit of 343?
3
What is the units digit of 4510?
0
What is the hundreds digit of 3045?
0
What is the hundreds digit of 1300?
3
What is the hundreds digit of 2675?
6
What is the hundreds digit of 5818?
8
What is the tens digit of 33917?
1
What is the units digit of 54011?
1
What is the units digit of 1019?
9
What is the hundreds digit of 48399?
3
What is the hundreds digit of 26328?
3
What is the tens digit of 4795?
9
What is the thousands digit of 29614?
9
What is the tens digit of 36748?
4
What is the units digit of 927?
7
What is the tens digit of 3640?
4
What is the ten thousands digit of 118178?
1
What is the thousands digit of 46152?
6
What is the units digit of 1074?
4
What is the ten thousands digit of 26068?
2
What is the thousands digit of 71183?
1
What is the tens digit of 2583?
8
What is the tens digit of 111587?
8
What is the ten thousands digit of 20859?
2
What is the units digit of 47170?
0
What is the hundreds digit of 5977?
9
What is the thousands digit of 4693?
4
What is the hundreds digit of 5821?
8
What is the hundreds digit of 470?
4
What is the hundreds digit of 7701?
7
What is the thousands digit of 18578?
8
What is the thousands digit of 47423?
7
What is the thousands digit of 14587?
4
What is the thousands digit of 4635?
4
What is the tens digit of 685?
8
What is the hundreds digit of 5132?
1
What is the units digit of 2260?
0
What is the hundreds digit of 1209?
2
What is the ten thousands digit of 41868?
4
What is the thousands digit of 2458?
2
What is the tens digit of 646?
4
What is the tens digit of 2708?
0
What is the tens digit of 14940?
4
What is the units digit of 4569?
9
What is the units digit of 31607?
7
What is the thousands digit of 1318?
1
What is the units digit of 4725?
5
What is the tens digit of 268?
6
What is the units digit of 21701?
1
What is the thousands digit of 13300?
3
What is the hundreds digit of 1263?
2
What is the tens digit of 32571?
7
What is the units digit of 1160?
0
What is the tens digit of 8881?
8
What is the hundreds digit of 539?
5
What is the units digit of 4065?
5
What is the tens digit of 1074?
7
What is the thousands digit of 2764?
2
What is the tens digit of 983?
8
What is the tens digit of 428?
2
What is the tens digit of 68?
6
What is the units digit of 1477?
7
What is the tens digit of 8174?
7
What is the units digit of 6134?
4
What is the thousands digit of 8811?
8
What is the ten thousands digit of 18103?
1
What is the hundreds digit of 7451?
4
What is the tens digit of 135?
3
What is the tens digit of 140?
4
What is the units digit of 22226?
6
What is the tens digit of 2002?
0
What is the hundreds digit of 462?
4
What is the units digit of 13?
3
What is the thousands digit of 1707?
1
What is the hundreds digit of 528?
5
What is the units digit of 93209?
9
What is the thousands digit of 155740?
5
What is the thousands digit of 3406?
3
What is the hundreds digit of 4016?
0
What is the hundreds digit of 1973?
9
What is the hundreds digit of 5777?
7
What is the tens digit of 67580?
8
What is the units digit of 4756?
6
What is the thousands digit of 39782?
9
What is the hundreds digit of 151575?
5
What is the ten thousands digit of 23097?
2
What is the thousands digit of 4364?
4
What is the units digit of 6921?
1
What is the hundreds digit of 1734?
7
What is the hundreds digit of 11287?
2
What is the units digit of 1134?
4
What is the hundreds digit of 400?
4
What is the hundreds digit of 7859?
8
What is the thousands digit of 10429?
0
What is the units digit of 13330?
0
What is the hundreds digit of 127791?
7
What is the tens digit of 3697?
9
What is the units digit of 11187?
7
What is the units digit of 1305?
5
What is the ten thousands digit of 14508?
1
What is the hundreds digit of 1884?
8
What is the units digit of 4089?
9
What is the hundreds digit of 136118?
1
What is the hundreds digit of 2543?
5
What is the tens digit of 43?
4
What is the ten thousands digit of 36644?
3
What is the hundreds digit of 4261?
2
What is the hundreds digit of 217?
2
What is the tens digit of 1102?
0
What is the hundreds digit of 1580?
5
What is the thousands digit of 7078?
7
What is the hundreds digit of 1346?
3
What is the hundreds digit of 6889?
8
What is the units digit of 481?
1
What is the thousands digit of 16199?
6
What is the hundreds digit of 3218?
2
What is the ten thousands digit of 47928?
4
What is the thousands digit of 8936?
8
What is the thousands digit of 9672?
9
What is the tens digit of 5147?
4
What is the units digit of 3927?
7
What is the thousands digit of 79375?
9
What is the tens digit of 112721?
2
What is the tens digit of 23824?
2
What is the hundreds digit of 10894?
8
What is the thousands digit of 1304?
1
What is the hundreds digit of 8269?
2
What is the thousands digit of 2575?
2
What is the units digit of 4678?
8
What is the thousands digit of 2060?
2
What is the hundreds digit of 96296?
2
What is the hundreds digit of 72357?
3
What is the tens digit of 64?
6
What is the thousands digit of 26905?
6
What is the units digit of 12747?
7
What is the hundreds digit of 650?
6
What is the tens digit of 71721?
2
What is the units digit of 4343?
3
What is the ten thousands digit of 79208?
7
What is the tens digit of 4653?
5
What is the tens digit of 3869?
6
What is the thousands digit of 5409?
5
What is the units digit of 1031?
1
What is the hundreds digit of 668?
6
What is the units digit of 1937?
7
What is the tens digit of 6485?
8
What is the thousands digit of 4998?
4
What is the units digit of 73983?
3
What is the ten thousands digit of 14707?
1
What is the hundreds digit of 1236?
2
What is the hundreds digit of 29832?
8
What is the hundreds digit of 4720?
7
What is the ten thousands digit of 81533?
8
What is the units digit of 1611?
1
What is the ten thousands digit of 130348?
3
What is the tens digit of 2545?
4
What is the hundreds digit of 2235?
2
What is the thousands digit of 22417?
2
What is the tens digit of 786?
8
What is the units digit of 10948?
8
What is the thousands digit of 35777?
5
What is the hundreds digit of 2226?
2
What is the hundreds digit of 337?
3
What is the thousands digit of 7378?
7
What is the hundreds digit of 253?
2
What is the tens digit of 105709?
0
What is the ten thousands digit of 10992?
1
What is the tens digit of 236?
3
What is the thousands digit of 40781?
0
What is the tens digit of 6388?
8
What is the units digit of 20388?
8
What is the tens digit of 9128?
2
What is the hundreds digit of 1603?
6
What is the hundreds digit of 6074?
0
What is the hundreds digit of 2940?
9
What is the tens digit of 5946?
4
What is the units digit of 370?
0
What is the units digit of 370?
0
What is the hundreds digit of 1145?
1
What is the hundreds digit of 905?
9
What is the units digit of 1575?
5
What is the tens digit of 52632?
3
What is the units digit of 135?
5
What is the units digit of 1214?
4
What is the hundreds digit of 404?
4
What is the hundreds digit of 1898?
8
What is the units digit of 1363?
3
What is the ten thousands digit of 12482?
1
What is the hundreds digit of 5661?
6
What is the units digit of 993?
3
What is the hundreds digit of 12225?
2
What is the thousands digit of 2540?
2
What is the hundred thousands digit of 107067?
1
What is the tens digit of 25608?
0
What is the thousands digit of 16460?
6
What is the units digit of 47687?
7
What is the units digit of 2146?
6
What is the tens digit of 16017?
1
What is the tens digit of 26816?
1
What is the units digit of 90071?
1
What is the tens digit of 3271?
7
What is the tens digit of 329?
2
What is the thousands digit of 11720?
1
What is the thousands digit of 3451?
3
What is the tens digit of 10756?
5
What is the thousands digit of 38081?
8
What is the tens digit of 40441?
4
What is the hundreds digit of 160?
1
What is the units digit of 15855?
5
What is the units digit of 112018?
8
What is the units digit of 310?
0
What is the hundreds digit of 58419?
4
What is the hundreds digit of 5736?
7
What is the tens digit of 1483?
8
What is the hundreds digit of 3162?
1
What is the tens digit of 905?
0
What is the thousands digit of 18105?
8
What is the hundreds digit of 14275?
2
What is